t h(u) = 6*u**3 + 176*u**2 + 56*u - 92. Let q be h(-29). Determine m(q).
5
Let q(x) = x**3 - 6*x**2 - 6*x - 12. Suppose 0 = -61*y - 18*y + 190 + 363. Determine q(y).
-5
Let i(y) be the second derivative of y**5/20 - 2*y**4/3 + 10*y**3/3 - 39*y**2 + 1011*y. Calculate i(7).
13
Suppose 11*p = -170*p + 20*p + 644. Let a(n) = 10*n - 16. Give a(p).
24
Let d(n) = -n**2 - n + 1. Let s(o) = -2*o**2 - 14*o - 158. Let p(h) = 4*d(h) - s(h). Let q(g) be the first derivative of p(g). Calculate q(8).
-22
Let p(r) be the second derivative of -r**4/6 - 3*r**3 - 37*r**2/2 + 4951*r. Give p(-7).
-9
Let y(g) = 6*g - 2. Let a be y(2). Suppose 2*j = -0*j - a. Let z(x) = -x**3 - 5*x**2 + 0*x**3 - 6681904*x + 6681903*x + 1. What is z(j)?
6
Let d(i) = 2*i**2 + 975*i - 1956*i + 977*i - 3 - 3*i**2. Let b be 12/(-8)*(-16)/6. Let f(v) = v**3 - 4*v**2 - v. Let c be f(b). What is d(c)?
-3
Let r = -133 + 126. Let a(z) be the second derivative of -1/12*z**4 + 0 - 2*z - z**3 + 1/2*z**2. Determine a(r).
-6
Let b(c) = -2*c**2 - 8*c + 3. Let u be b(-4). Suppose 3*w = 3*h + 6, -u*w + 4*h = -2*w - 17. Let i(v) = -15*v + v + 2 + v**2 + 16*v. Determine i(w).
5
Let s(d) = 64 - d - 17 - 3 - 45. Suppose 5*m = -10, -3*m - 6 = -4*z + 8. Let l be 4/(-1)*z + 2. Determine s(l).
5
Let i(d) be the third derivative of d**8/20160 - d**5/30 + 5*d**4/24 - 110*d**2. Let b(w) be the third derivative of i(w). Suppose 5*v = 14 + 1. Give b(v).
9
Let w(d) = d**2 - 8*d - 38. Let x = 472 - 461. Let i be w(x). Let g(f) = -f**3 - 4*f**2 + 3*f - 7. Give g(i).
3
Suppose -8 = -2*k + 30. Let b(v) = 31*v - 7*v - 1 + 5*v**2 - k*v - v**3. Suppose 2*u - n - 15 = 0, n - 3*n - 24 = -3*u. Determine b(u).
-7
Let a = 5189 - 5194. Let n(f) = f**3 + 4*f**2 - 7*f - 3. Determine n(a).
7
Let z = -299 - -301. Let v(g) = -2*g - 52 + 57 - g - g**z. Calculate v(-6).
-13
Let q be -3 + (-3 - -3) - -3. Let b(m) be the second derivative of -m**3/3 + 3*m**2 - 83*m + 2. Give b(q).
6
Let i = -22 - -24. Suppose 4*l + 3*p = 8*p + 431, 5*l - 514 = -2*p. Let t(w) = -57 + 2*w - 50 + l. Determine t(i).
1
Let d(f) = 3*f**3 + 2*f**2 - 60*f - 6. Let c(x) = x**3 + x**2 - 15*x - 1. Let z(p) = 4*c(p) - d(p). Suppose 5*k = 5*i + 30, -3*k + 3*i + 16 = -k. Give z(k).
18
Let p(b) = -10 + 0 + 11 - 9 - b. Suppose -31*m + 35*m + 36 = 0. Determine p(m).
1
Let q(o) be the first derivative of -3*o**3 + o**2 - 4*o + 7684. Determine q(-2).
-44
Let g(v) = 157*v**2 - 2*v**3 + 5 + v + 164*v**2 - 6*v - 329*v**2 - 6*v. What is g(-5)?
110
Let v(x) = 3 + 12*x - 4 + 5*x. Let d(i) = i**2 - 20*i + 84. Let n be d(15). Suppose 0 = 15*h - 6*h - n. What is v(h)?
16
Let q(b) be the third derivative of b**5/15 + 25*b**4/24 - 25*b**3/6 - b**2 + 3*b + 15. What is q(-7)?
-4
Suppose -2*i = -4*i + 5*t + 226, -2*i + 4*t + 222 = 0. Let p = i - 101. Let m(f) = 7*f - 3. Determine m(p).
11
Let u(q) be the third derivative of -1/2*q**3 + 11*q**2 + 5*q + 1/24*q**4 + 0. Calculate u(4).
1
Let i be (-3 - (-116)/36) + (-183)/(-27). Let a(n) = -n**2 + 4*n + 19. Let g be a(i). Let h = -2 + g. Let r(l) = l**3 + 5*l**2 + 6*l. Give r(h).
-8
Let i(s) = 17*s + 62. Let b(h) = -192*h - 675. Let r(o) = -4*b(o) - 45*i(o). Give r(23).
-21
Let v(j) = -3*j - 143. Let o be (-146 + 147)/(3/(-123)). What is v(o)?
-20
Let c(k) = -68*k**3 + 4*k**2 + 22*k + 30 + 21*k**3 - 29*k + 27*k**3 + 21*k**3. Give c(-6).
0
Let a be ((-20)/(-8))/(13/((-1872)/60)). Let t(q) = -q**2 - 6*q - 10. Determine t(a).
-10
Let r(f) = -4*f**2 + 1. Let k = 131 + -215. Suppose -3*x + 39 = -207. Let w = k + x. What is r(w)?
-15
Suppose -5*n + 14 = -2*a - 2, 5*n - 25 = 5*a. Let u(x) = 7*x - 135 + 65 - x**2 + 0*x**n + 64. Give u(4).
6
Let a(p) be the second derivative of p**3/3 - 3*p**2/2 - 6*p. Let j(d) = 3*d + 12. Let h be j(-3). Suppose 9 = 4*w - h. What is a(w)?
3
Let f = -81 - -74. Let y be 68*7/14 - -1*3. Let u(h) = 35*h - 81*h - h**3 - 8*h**2 - 9 + y*h. What is u(f)?
5
Suppose -325*x = -331*x - 24. Let h(i) be the second derivative of -2*i**2 + 6*i + 1/12*i**4 + 0 + 2/3*i**3. What is h(x)?
-4
Let r(a) = -7*a**3 + 22*a**2 - 36*a - 4. Let f(s) = 12*s**3 - 43*s**2 + 68*s + 2. Let x(g) = 4*f(g) + 7*r(g). Give x(-19).
-39
Suppose 1035*x - 13 = 1036*x. Let s(g) = 7*g - 3. Determine s(x).
-94
Let l(m) = -12*m - 1. Let n be 6*9/8*4. Suppose -n*b = -22*b + 5. Give l(b).
11
Suppose 214 = -13*t + 19. Let q(n) = -n**2 - 18*n - 25. What is q(t)?
20
Suppose 9*p + 5*p - 2406 = -2826. Let k(d) = -d**2 - 27*d + 99. Give k(p).
9
Let g(w) = -638 + 2*w**3 + 2*w - 102*w**2 + 644 + 109*w**2. Determine g(-3).
9
Let k(q) = -70*q + 37*q - 5 + 38*q. Let d(b) = -5*b + 4. Let y(g) = -5*d(g) - 4*k(g). Calculate y(-2).
-10
Let z be 2 - 0 - 6*2. Let l(c) be the first derivative of -c**4/4 - 11*c**3/3 - 9*c**2/2 + 4*c + 41382. Calculate l(z).
-6
Let g(t) be the third derivative of -t**6/60 - t**5/12 - t**4/4 - 2*t**2 - 1498. Calculate g(-3).
27
Let s(g) = -g**2 - 10*g + 2. Let d be s(-10). Let u be 3/d*-2*4. Let h = -16 - u. Let c(r) = -r + 3. Give c(h).
7
Let l(d) = 3*d**2 - d - 1. Let s be -4 + (-3 - -4) - 50. Suppose -4*n + 140 = 3*c, 13 = 4*n + 29. Let j = c + s. Give l(j).
3
Let d(l) = l + 2. Let a = -69 - -74. Let b be ((-6)/a)/(3/30). Let v be b/(-14)*(-14)/(-4). What is d(v)?
5
Let m(w) = 44*w + 4088 - 8175 + 4096 + 27*w**2 - 2*w**3. Calculate m(15).
-6
Let t(g) = 18*g**2 - 16. Let c(d) = -d**2 + 1. Let o(a) = 48*c(a) + 3*t(a). Suppose -4*n = -w + 19, -20 = -28*w + 33*w + 3*n. Calculate o(w).
6
Let o(l) = l**2 + 3*l - 4. Let p be ((-180)/(-1))/((-15)/20*2). Let d = p + 244. Let f be (6/(-10))/(-6 + d/20). Calculate o(f).
-4
Let k = -244 + 250. Let h(z) = 5*z**2 + 8*z - 13. Let c(u) = 13*u**2 + 16*u - 27. Let o(w) = -2*c(w) + 5*h(w). Determine o(k).
1
Let j(s) = 3*s**2 + 3. Let f(m) = 11*m**2 + 8. Let x = -163 - -170. Let t(h) = x*j(h) - 2*f(h). Determine t(-3).
-4
Let x(s) = 2*s**3 + 47*s**2 - 15*s + 75. Let w(m) = 3*m**3 + 58*m**2 - 14*m + 76. Let h(t) = -3*w(t) + 4*x(t). What is h(13)?
7
Let s(d) = -d + 119 - 139 + 2*d + 2*d**2 - 4*d**2. Let i(t) = t**2 + 14. Let p(q) = 4*i(q) + 3*s(q). Determine p(3).
-13
Let j(z) = z**2 + z + 2. Suppose 9 + 39 = 4*w. Suppose 10*u + 72 = w*u. Let p = 34 - u. Calculate j(p).
4
Let s(g) = -2*g**3 - 11 - 4*g**3 + 7*g**3 + 2036*g**2 + 12*g - 2047*g**2. Suppose -40*h + 93 = -307. Give s(h).
9
Let q(w) be the third derivative of -w**6/120 + w**5/15 + w**4/24 - 3*w**3/2 + 57*w**2 + 5*w. What is q(4)?
-5
Let j(u) = 2*u**3 + 8*u**2 + 2*u - 6. Let f be 4*(-9)/45*(2 + 3). Calculate j(f).
-14
Let p be (1 - 9)/(1/1) - -4. Let l(j) = -10*j - 16. Calculate l(p).
24
Let c be 51/27 + (-23)/(-207). Let p(x) = 10*x**2 + 3 - 2*x + 0*x**2 - 6*x**c + 7*x - 3*x**2. Calculate p(-4).
-1
Let b = -57 + 57. Suppose -11*u + 69 - 80 = b. Let k(w) = 15*w**3 - w**2. Determine k(u).
-16
Let u(i) = -7*i**2 + 19*i + 49. Let t(g) = 8*g**2 - 19*g - 50. Let w(a) = -8*t(a) - 9*u(a). Determine w(-16).
7
Let a = 21 + -14. Let l(k) = -4*k - 381. Let x(y) = 2*y + 211. Let g(p) = 5*l(p) + 9*x(p). Give g(a).
-20
Let q(j) = 5524*j**2 + 4*j**3 - 2735*j**2 + 2 - 2762*j**2 - 3*j. What is q(-7)?
-26
Let t(g) = -6*g**2 + 6*g. Let m(x) = x**3 - x**2 + x. Let o(j) = m(j) - t(j). Let n be ((-444)/481)/((-10)/(-65)). Give o(n).
-6
Let w(s) be the first derivative of s**6/360 + s**5/40 + s**4/24 + 11*s**3/3 - s**2 + 22. Let l(t) be the third derivative of w(t). Determine l(-4).
5
Let p(l) = 6*l**2 + 6*l - l**2 - 11*l - 4*l**2 + 31. Let i be p(8). Let h = i - 56. Let n(t) = -t**3 - t. Determine n(h).
2
Let p(a) = -3*a**2 - 7*a + 4. Let k(o) = -7*o**2 - 13*o + 8. Let n = -8 + 6. Let s(u) = n*k(u) + 5*p(u). Determine s(-7).
18
Let b(j) = j**2 - 11*j + 7. Let s(u) = 21*u - 19. Let l be s(1). Suppose 2 - 16 = -l*i. Give b(i).
-21
Let a(h) = -4*h + 185. Let l(r) = 5*r - 143. Let g(m) = 4*a(m) + 5*l(m). Determine g(-3).
-2
Let s(f) = 18*f**3 + 5*f**2 + 8*f. Let g(b) = -b**3 + b**2 + 2*b. Suppose -23*m + 25*m = 8. Let h(w) = m*g(w) - s(w). What is h(-1)?
21
Let b(q) = -2*q**2 - 17*q - 22. Let z be (2/(-4))/(361/6498). Determine b(z).
-31
Let g(n) = -6*n**2 + 1. Suppose 0*q = -5*q + 10. Let h(s) = 8*s + q - 3 - 7 + s**2 - 2*s. Let i be h(-7). What is g(i)?
-5
Suppose -4 = -z - 4*q, 4*z + 4*q + 26 = 9*q. Let x(i) be the first derivative of -i**3/3 - i**2 - 5*i - 95. Calculate x(z)